{"id":284,"date":"2012-02-02T23:20:34","date_gmt":"2012-02-02T22:20:34","guid":{"rendered":"http:\/\/www.haute-normandie-decroissance.fr\/?page_id=284"},"modified":"2012-02-02T23:20:34","modified_gmt":"2012-02-02T22:20:34","slug":"a-ladresse-de-nicolas-56-ans","status":"publish","type":"page","link":"http:\/\/www.haute-normandie-decroissance.fr\/?page_id=284","title":{"rendered":"A l&rsquo;adresse de Nicolas, 56 ans"},"content":{"rendered":"<p><strong>A l&rsquo;adresse de Nicolas, 56 ans qui a r\u00e9cemment <a href=\"http:\/\/youtu.be\/6Xfaq1Pxk9E\">parl\u00e9 dans le poste<\/a><\/strong><\/p>\n<p>A la mani\u00e8re des <a href=\"http:\/\/www.haute-normandie-decroissance.fr\/porteur-de-paroles-quel-est-linteret-de-la-dette\/\">porteurs de parole<\/a> :<\/p>\n<p>Nicolas, 56 ans : \u00ab\u00a0<em>Je veux que la France reste une terre de production, qu&rsquo;on garde nos usines<\/em>\u00a0\u00bb<br \/>\n<strong>Le \u201cPeak Everything\u201d (ou la fin des haricots)<\/strong><br \/>\n<a href=\"http:\/\/www.superno.com\/blog\/2012\/01\/le-peak-everything-ou-la-fin-des-haricots\/\">http:\/\/www.superno.com\/blog\/2012\/01\/le-peak-everything-ou-la-fin-des-haricots\/<\/a><\/p>\n<p>Nicolas, 56 ans : \u00ab\u00a0<em>Depuis 1974, aucun budget fran\u00e7ais n&rsquo;a \u00e9t\u00e9 vot\u00e9 \u00e0 l&rsquo;\u00e9quilibre. \u00c7a fait 30 ans qu&rsquo;on d\u00e9pense un argent que nous n&rsquo;avons pas<\/em>\u00a0\u00bb<br \/>\n<strong>AAA : le drame est-il celui qu\u2019on croit ?<\/strong><br \/>\n<a href=\"http:\/\/www.haute-normandie-decroissance.fr\/aaa-le-drame-est-il-celui-quon-croit\/\">http:\/\/www.haute-normandie-decroissance.fr\/aaa-le-drame-est-il-celui-quon-croit\/<\/a><\/p>\n<p>Nicolas, 56 ans : \u00ab\u00a0<em>Le Royaume-Uni a montr\u00e9 dans \u00e9conomie globale qu&rsquo;il existait une voie pour atteindre une croissance forte, le plein emploi et la solidarit\u00e9&#8230;.<\/em>\u00a0\u00bb<br \/>\n<strong>Mais qui a tu\u00e9 la croissance ?<\/strong><br \/>\n<a href=\"http:\/\/www.haute-normandie-decroissance.fr\/mais-qui-a-tue-la-croissance\/\">http:\/\/www.haute-normandie-decroissance.fr\/mais-qui-a-tue-la-croissance\/<\/a><\/p>\n<p>Nicolas, 56 ans : \u00ab\u00a0<em>&#8230; Cette voie, c&rsquo;est celle des r\u00e9formes. Les principes qui permettent d&rsquo;affronter avec succ\u00e8s la mondialisation d&rsquo;un c\u00f4t\u00e9 de la Manche, doivent permettre de l&rsquo;affronter avec le m\u00eame succ\u00e8s de l&rsquo;autre c\u00f4t\u00e9.<\/em>\u00a0\u00bb<br \/>\n<strong>L\u2019avenir est \u00e0 la relocalisation ouverte<\/strong><br \/>\n<a href=\"http:\/\/www.proximites.net\/Edito-du-no0\">http:\/\/www.proximites.net\/Edito-du-no0<\/a><\/p>\n<p>Nicolas, 56 ans : \u00ab\u00a0<em>Quel est votre pouvoir d&rsquo;achat quand vous avez perdu votre travail ?\u00a0\u00bb<\/em><br \/>\n<strong>La Dotation Inconditionnelle d\u2019Autonomie (DIA), un outil pour l\u2019\u00e9galit\u00e9 et la dignit\u00e9<\/strong><br \/>\n<a href=\"http:\/\/www.haute-normandie-decroissance.fr\/la-dotation-inconditionnelle-dautonomie-dia-un-outil-pour-legalite-et-la-dignite\/\">http:\/\/www.haute-normandie-decroissance.fr\/la-dotation-inconditionnelle-dautonomie-dia-un-outil-pour-legalite-et-la-dignite\/<\/a><\/p>\n<p>Nicolas, 56 ans : \u00ab\u00a0<em>Nous avons d\u00e9cid\u00e9 que pour les 3 ans qui viennent, tout terrain, toute maison, tout immeuble, verra ses possibilit\u00e9s de construction augmenter de 30 %<\/em>\u00a0\u00bb<br \/>\n<strong>La relance par la tractopelle<\/strong><br \/>\n<a href=\"http:\/\/www.haute-normandie-decroissance.fr\/la-relance-par-la-tractopelle\/\">http:\/\/www.haute-normandie-decroissance.fr\/la-relance-par-la-tractopelle\/<\/a><\/p>\n<p>Nicolas, 56 ans : \u00ab\u00a0<em>Cette banque pr\u00eatera ces fonds pour l&rsquo;\u00e9conomie r\u00e9elle et non pas pour l&rsquo;\u00e9conomie financi\u00e8re<\/em>\u00a0\u00bb<br \/>\n<strong>L\u2019Epi, future monnaie locale au Havre<\/strong><br \/>\n<a href=\"http:\/\/www.haute-normandie-decroissance.fr\/lepi-future-monnaie-locale-au-havre\">http:\/\/www.haute-normandie-decroissance.fr\/lepi-future-monnaie-locale-au-havre<\/a><\/p>\n","protected":false},"excerpt":{"rendered":"<p>A l&rsquo;adresse de Nicolas, 56 ans qui a r\u00e9cemment parl\u00e9 dans le poste A la mani\u00e8re des porteurs de parole : Nicolas, 56 ans : \u00ab\u00a0Je veux que la France reste une terre de production, qu&rsquo;on garde nos usines\u00a0\u00bb Le &hellip; <a href=\"http:\/\/www.haute-normandie-decroissance.fr\/?page_id=284\">Continuer la lecture <span class=\"meta-nav\">&rarr;<\/span><\/a><\/p>\n","protected":false},"author":3,"featured_media":0,"parent":53,"menu_order":2,"comment_status":"closed","ping_status":"open","template":"","meta":{"_monsterinsights_skip_tracking":false,"_monsterinsights_sitenote_active":false,"_monsterinsights_sitenote_note":"","_monsterinsights_sitenote_category":0,"footnotes":""},"class_list":["post-284","page","type-page","status-publish","hentry"],"_links":{"self":[{"href":"http:\/\/www.haute-normandie-decroissance.fr\/index.php?rest_route=\/wp\/v2\/pages\/284","targetHints":{"allow":["GET"]}}],"collection":[{"href":"http:\/\/www.haute-normandie-decroissance.fr\/index.php?rest_route=\/wp\/v2\/pages"}],"about":[{"href":"http:\/\/www.haute-normandie-decroissance.fr\/index.php?rest_route=\/wp\/v2\/types\/page"}],"author":[{"embeddable":true,"href":"http:\/\/www.haute-normandie-decroissance.fr\/index.php?rest_route=\/wp\/v2\/users\/3"}],"replies":[{"embeddable":true,"href":"http:\/\/www.haute-normandie-decroissance.fr\/index.php?rest_route=%2Fwp%2Fv2%2Fcomments&post=284"}],"version-history":[{"count":2,"href":"http:\/\/www.haute-normandie-decroissance.fr\/index.php?rest_route=\/wp\/v2\/pages\/284\/revisions"}],"predecessor-version":[{"id":289,"href":"http:\/\/www.haute-normandie-decroissance.fr\/index.php?rest_route=\/wp\/v2\/pages\/284\/revisions\/289"}],"up":[{"embeddable":true,"href":"http:\/\/www.haute-normandie-decroissance.fr\/index.php?rest_route=\/wp\/v2\/pages\/53"}],"wp:attachment":[{"href":"http:\/\/www.haute-normandie-decroissance.fr\/index.php?rest_route=%2Fwp%2Fv2%2Fmedia&parent=284"}],"curies":[{"name":"wp","href":"https:\/\/api.w.org\/{rel}","templated":true}]}}